11
List the prime factors of 666717/35 - 42/735.
43, 443
Let t(j) = -8*j**2 - j. Let a be t(1). Let f(h) = -4*h + h + 0*h - 49 + 58 - 5*h. What are the prime factors of f(a)?
3
Suppose -2*q + 3*k = -80, -17*q - 4*k - 82 = -19*q. Let z be 15 - ((2 - 1) + 0). Let r = z + q. What are the prime factors of r?
3, 17
Let a = 2030 + -190. Let u = a + -1067. List the prime factors of u.
773
Let f(l) = -12*l - 235. Let s be f(-20). Suppose 4*y - 435 = s*q, -146 + 32 = -y + 3*q. What are the prime factors of y?
3, 5, 7
What are the prime factors of 13792 - (-183)/610*20/(-3)?
2, 5, 7, 197
Let t = -36743 + 44622. What are the prime factors of t?
7879
Let a(y) = 662*y - 35. Let m be a(-2). Let c = m - -2025. What are the prime factors of c?
2, 3, 37
Let n(j) = j**3 + 3*j**2 - 5*j - 12. Let w = 15 + -18. Let o be n(w). Suppose -o*f - 2*b + 521 = 0, 6*f + 2*b = 5*f + 175. List the prime factors of f.
173
Let j(p) = -708*p + 8083. What are the prime factors of j(-35)?
59, 557
Let a = 61 - 41. Let k be -1 + (-1 - (a + -2)/(-3)). Suppose k*l - 371 = 49. List the prime factors of l.
3, 5, 7
Suppose 0 = 3*t + 4*w + 29, 4*w + 9 = -11. Let z(h) be the second derivative of -23*h**3/6 + 3*h**2 + 2746*h. What are the prime factors of z(t)?
3, 5
Suppose -3*v = 5*q - 36888, 23836 = 3*v - 2*q - 13073. List the prime factors of v.
12301
Let j(c) = -2*c**3 - 63*c**2 + 6*c + 38. List the prime factors of j(-32).
2, 3, 5, 29
Suppose 0 = -2*r + 2*h - 160, 3*r + 3*h + 260 - 32 = 0. Let u = 80 + r. Suppose -u*b + 157 = -33. List the prime factors of b.
5, 19
Suppose 33*h - 32*h = -4*f + 11156, -3*f + 3*h = -8367. List the prime factors of f.
2789
Suppose 55*j = 15*j - 20*j + 846120. List the prime factors of j.
2, 11, 641
Let y(s) = 513*s + 53. Let a be y(9). Suppose 0 = -20*k + 25*k - a. List the prime factors of k.
2, 467
Let o be 309/15 - (-18)/(-30). Let q(u) = u**3 - 19*u**2 - 4*u - 30. Let l be q(o). Suppose -2*r - 8 = -l. What are the prime factors of r?
3, 47
Let k(c) = 5*c**3 + 3*c**2 + 11*c - 23. Let w = -491 + 496. What are the prime factors of k(w)?
2, 3, 61
Suppose -204841 = -24*k + 273719. List the prime factors of k.
2, 5, 997
Let i(k) = 61*k**2 + 108*k - 2545. List the prime factors of i(23).
2, 3, 11, 61
Suppose -6*x = -20 + 2. Let h(q) = -x + 7*q - 4*q + 3 - q**3 - 4*q**2 + 1. What are the prime factors of h(-5)?
11
Let s(g) = 51*g - 6. Suppose -2*y = 4*i, 2*y - 1 = -3*i - 0*y. Let x(v) = -16*v - 12. Let j be x(i). List the prime factors of s(j).
2, 3, 11
Suppose 0*n + 548994 = 44*n - 1255666. What are the prime factors of n?
5, 13, 631
Let a(x) = 20*x**3 - 3*x**2 - 5*x + 5. Let v be a(-3). Let u = 935 + v. What are the prime factors of u?
2, 97
Let a = -923 - -41624. What are the prime factors of a?
3, 13567
Let n = 2226 - -35887. What are the prime factors of n?
38113
Suppose -3*k = 28*o - 25*o - 30129, -5*k + 3*o = -50191. List the prime factors of k.
2, 5, 251
Let r = -33 - -35. Suppose 0 = -l - 2, 5*s - l - r*l = 1. What are the prime factors of ((0 + -1)*s)/(2/194)?
97
List the prime factors of 6343 - (1 + -4 - (-24)/(-5 + 9)).
2, 5, 317
Suppose 5*k = -d + 5*d + 31483, d - 12601 = -2*k. What are the prime factors of k?
6299
Let l(d) be the first derivative of -d**2 - 19*d - 17. Let j be l(-9). List the prime factors of (j - -105) + (-6 - -10).
2, 3
Suppose -4*a = -2*m + 24740, 56*m - 59*m = -4*a - 37118. List the prime factors of m.
2, 3, 2063
Suppose -2*z = -3*s - 1081, 3*z - 411 - 1213 = 5*s. Let p = z - 245. List the prime factors of p.
2, 3
Let s = 64 - 62. Let f = -17 + s. Let x = f + 105. List the prime factors of x.
2, 3, 5
Suppose 10*z - 359410 = -70040. List the prime factors of z.
19, 1523
Suppose -6*z + 17505 = -43467. List the prime factors of z.
2, 5081
Let o(i) = 27853*i + 478. List the prime factors of o(1).
41, 691
Let t be ((-158)/(-8))/((-11)/(-88)). Suppose 256 = s + 4*c, 0 = s + 2*c - 90 - t. List the prime factors of s.
2, 3, 5
Let j be 19/((-1)/(-1) + 0). Let y(o) be the second derivative of o**3/3 - 13*o**2 - 114*o. What are the prime factors of y(j)?
2, 3
Suppose -4895*z = -4968*z + 2852913. What are the prime factors of z?
3, 7, 1861
Let n be -1*(-1 + (-4 - -9)). Let j(c) = 4*c**3 - 4*c**3 + 0*c**3 + 9 - c**3 - 3*c - 5*c**2. List the prime factors of j(n).
5
Suppose -173*h + 6239093 = -1699645 + 1129112. What are the prime factors of h?
2, 19681
Let p be (-80)/180 + (-88)/(-36). Suppose 2*r - 57 = -o, -57 = -4*o + 3*o + p*r. List the prime factors of o.
3, 19
Let x = -333 - -75. Suppose 34*s - 7*s - 13888 = -4*s. Let j = s + x. List the prime factors of j.
2, 5, 19
Let w(h) = 3*h**2 - 22*h - 31. Let b be w(-32). Suppose a - 10*x = -7*x + 1243, 0 = -3*a + x + b. What are the prime factors of a?
1249
Suppose -225429 - 182523 - 109968 = -40*n. List the prime factors of n.
2, 3, 13, 83
Suppose 4*r = 12, -390 = 3*j - 6*j + 2*r. Suppose -10*x + j = x. Suppose 137 + 439 = x*v. List the prime factors of v.
2, 3
Suppose -64 = v - 24. What are the prime factors of (2376/v)/((-3)/10)?
2, 3, 11
Let p(y) = 32*y - 116. What are the prime factors of p(29)?
2, 7, 29
Suppose 0 = 14*t - 20*t + 702. Let x = 121 - t. List the prime factors of 1/(6/856) + x/(-6).
2, 71
Let d be (240/(-140))/((-1)/7). What are the prime factors of (201*(-7)/(-42))/(2/d)?
3, 67
Let d(q) = -2*q**3 - 4*q**2 - 11*q - 11. Let h be 10/4*((-432)/60 - -4). List the prime factors of d(h).
5, 13
Suppose -1 = k, k - 7359 = -39*c + 43*c. Let b be (-1 - 3)/(1/(-2)). What are the prime factors of b/(-36) - c/18?
2, 3, 17
Let q(c) = -16*c**3 - 55*c**2 + 57*c - 24. What are the prime factors of q(-11)?
2, 5, 1399
Suppose -3*j - 284780 = -45*j + 927382. What are the prime factors of j?
7, 19, 31
Let k = -50 - -56. Let a(t) = -7 - 15*t - k*t + 16*t. What are the prime factors of a(-4)?
13
Suppose -13*z + 13*z = -5*z. Suppose 0 = -4*s + 104 + 40. Let n = s + z. List the prime factors of n.
2, 3
Let m(t) = 11*t + 1. Let y be m(4). Suppose -d = 4*k - 22, 3*k - 103 - 41 = -5*d. Let a = d + y. List the prime factors of a.
3, 5
Let f be (0/(-4) + 0)*1. Let d(m) be the second derivative of -m**3/6 + 73*m**2 - 46*m. List the prime factors of d(f).
2, 73
Let h be -1 + 26/22 - 42/(-11). Let t(z) = -45*z + 3 + 3 + h + 3. List the prime factors of t(-2).
103
Suppose -24348 = -20*u + 552272. List the prime factors of u.
11, 2621
Let m = -3441 + 8313. Suppose -4*q - 3*q = -m. What are the prime factors of q?
2, 3, 29
Let c(z) = -16*z**2 + z**3 - 1 - 2*z - z**2 + 5*z. Let v be c(17). Suppose -3*x + v = -217. What are the prime factors of x?
89
Suppose -62*m + 3023 = v - 64*m, 0 = v + 5*m - 3051. Suppose -v = -3*t - 4*u, t + 4*u - 1011 = 2*u. List the prime factors of t.
1009
Let q = -2757 + 3061. List the prime factors of q.
2, 19
Let g(j) = 447*j + 176. List the prime factors of g(20).
2, 43, 53
Let f = 147 + -55. Let j = -50 + f. Let g = j + -30. What are the prime factors of g?
2, 3
Suppose 11*l = 59248 - 23487. Let w = l - 1827. List the prime factors of w.
2, 89
Let s(m) be the first derivative of 3*m**2 - 21*m - 2. Let a = -467 - -480. What are the prime factors of s(a)?
3, 19
List the prime factors of ((-13)/3)/((-520)/6654960).
2, 3, 13, 79
Let v(k) = -18*k**3 + 48*k**2 + 15*k + 47. List the prime factors of v(-7).
2, 29, 73
Let o(p) = 30*p + 30. Suppose -2 = 3*a + 10. Let q(j) = -30*j - 31. Let y(r) = a*o(r) - 3*q(r). What are the prime factors of y(-5)?
3, 41
Let d = -52 - -54. Suppose -2*u - 2*u = -d*l - 16, -11 = 2*l - 3*u. What are the prime factors of -3 - -10*(l - 1)?
7
Suppose 43*w + 80 = 3*w. What are the prime factors of ((-231868)/21)/(-14) + w/(-6)?
3, 263
Suppose -4*p + 4*v + 12 = -4, -12 = 4*p + 3*v. Let n be 3 + 2 + p/2. List the prime factors of (-3 + n)/(-3*(-1)/39).
2, 13
Suppose -4*k + l - 14897 = -6*k, 3 = -l. What are the prime factors of k?
2, 5, 149
Let x(r) = 3*r**2 - 6*r + 27. Suppose -37*g + 96 = -49*g. List the prime factors of x(g).
3, 89
Let x = -35 + 35. Let r be (x/(-2*(-2)/4))/(-2). List the prime factors of ((-182)/(-5) + r)*(-22 - -27).
2, 7, 13
List the prime factors of (-1421385)/(-125) - (-12)/(-150).
83, 137
Let v = 17751 + -14314. List the prime factors of v.
7, 491
Suppose -19237 = -4*l + f, -51*l + 52*l = -4*f + 4805. List the prime factors of l.
